[INFO] cloning repository https://github.com/Alfwich/sfml_example
[INFO] running `Command { std: "git" "-c" "credential.helper=" "-c" "credential.helper=/workspace/cargo-home/bin/git-credential-null" "clone" "--bare" "https://github.com/Alfwich/sfml_example" "/workspace/cache/git-repos/https%3A%2F%2Fgithub.com%2FAlfwich%2Fsfml_example", kill_on_drop: false }`
[INFO] [stderr] Cloning into bare repository '/workspace/cache/git-repos/https%3A%2F%2Fgithub.com%2FAlfwich%2Fsfml_example'...
[INFO] running `Command { std: "git" "rev-parse" "HEAD", kill_on_drop: false }`
[INFO] [stdout] 9bfb1387b6c424ee126ec8acf51b2ff82073c512
[INFO] checking Alfwich/sfml_example against master#9610dfe5a9a731ced1ea4923ecbd0c57fe367898 for beta-170-4
[INFO] running `Command { std: "git" "clone" "/workspace/cache/git-repos/https%3A%2F%2Fgithub.com%2FAlfwich%2Fsfml_example" "/workspace/builds/worker-0-tc1/source", kill_on_drop: false }`
[INFO] [stderr] Cloning into '/workspace/builds/worker-0-tc1/source'...
[INFO] [stderr] done.
[INFO] validating manifest of git repo https://github.com/Alfwich/sfml_example on toolchain 9610dfe5a9a731ced1ea4923ecbd0c57fe367898
[INFO] running `Command { std: CARGO_HOME="/workspace/cargo-home" RUSTUP_HOME="/workspace/rustup-home" "/workspace/cargo-home/bin/cargo" "+9610dfe5a9a731ced1ea4923ecbd0c57fe367898" "metadata" "--manifest-path" "Cargo.toml" "--no-deps", kill_on_drop: false }`
[INFO] started tweaking git repo https://github.com/Alfwich/sfml_example
[INFO] finished tweaking git repo https://github.com/Alfwich/sfml_example
[INFO] tweaked toml for git repo https://github.com/Alfwich/sfml_example written to /workspace/builds/worker-0-tc1/source/Cargo.toml
[INFO] crate git repo https://github.com/Alfwich/sfml_example already has a lockfile, it will not be regenerated
[INFO] running `Command { std: CARGO_HOME="/workspace/cargo-home" RUSTUP_HOME="/workspace/rustup-home" "/workspace/cargo-home/bin/cargo" "+9610dfe5a9a731ced1ea4923ecbd0c57fe367898" "fetch" "--manifest-path" "Cargo.toml", kill_on_drop: false }`
[INFO] [stderr]     Updating crates.io index
[INFO] [stderr]  Downloading crates ...
[INFO] [stderr]   Downloaded csfml-system-sys v0.6.0
[INFO] [stderr]   Downloaded gl v0.14.0
[INFO] [stderr]   Downloaded cmake v0.1.46
[INFO] [stderr]   Downloaded csfml-window-sys v0.6.0
[INFO] [stderr]   Downloaded syn v1.0.83
[INFO] [stderr]   Downloaded freetype-rs v0.28.0
[INFO] [stderr]   Downloaded csfml-audio-sys v0.6.0
[INFO] [stderr]   Downloaded nalgebra-glm v0.15.0
[INFO] [stderr]   Downloaded csfml-graphics-sys v0.6.0
[INFO] [stderr]   Downloaded sfml-build v0.4.0
[INFO] [stderr]   Downloaded sfml v0.16.0
[INFO] [stderr]   Downloaded gl_loader v0.1.2
[INFO] [stderr]   Downloaded freetype-sys v0.14.0
[INFO] running `Command { std: "docker" "create" "-v" "/var/lib/crater-agent-workspace/builds/worker-0-tc1/target:/opt/rustwide/target:rw,Z" "-v" "/var/lib/crater-agent-workspace/builds/worker-0-tc1/source:/opt/rustwide/workdir:ro,Z" "-v" "/var/lib/crater-agent-workspace/cargo-home:/opt/rustwide/cargo-home:ro,Z" "-v" "/var/lib/crater-agent-workspace/rustup-home:/opt/rustwide/rustup-home:ro,Z" "-e" "SOURCE_DIR=/opt/rustwide/workdir" "-e" "CARGO_TARGET_DIR=/opt/rustwide/target" "-e" "CARGO_HOME=/opt/rustwide/cargo-home" "-e" "RUSTUP_HOME=/opt/rustwide/rustup-home" "-w" "/opt/rustwide/workdir" "-m" "1610612736" "--user" "0:0" "--network" "none" "ghcr.io/rust-lang/crates-build-env/linux@sha256:19e73879b68f455e41552ea35293514db52ea292d993f571636dbffedb77a1ee" "/opt/rustwide/cargo-home/bin/cargo" "+9610dfe5a9a731ced1ea4923ecbd0c57fe367898" "metadata" "--no-deps" "--format-version=1", kill_on_drop: false }`
[INFO] [stdout] cc80b2ea2e9b43b72fccd060bff189ea112e0c2561c1e58eb5572e2e62035f68
[INFO] running `Command { std: "docker" "start" "-a" "cc80b2ea2e9b43b72fccd060bff189ea112e0c2561c1e58eb5572e2e62035f68", kill_on_drop: false }`
[INFO] running `Command { std: "docker" "inspect" "cc80b2ea2e9b43b72fccd060bff189ea112e0c2561c1e58eb5572e2e62035f68", kill_on_drop: false }`
[INFO] running `Command { std: "docker" "rm" "-f" "cc80b2ea2e9b43b72fccd060bff189ea112e0c2561c1e58eb5572e2e62035f68", kill_on_drop: false }`
[INFO] [stdout] cc80b2ea2e9b43b72fccd060bff189ea112e0c2561c1e58eb5572e2e62035f68
[INFO] running `Command { std: "docker" "create" "-v" "/var/lib/crater-agent-workspace/builds/worker-0-tc1/target:/opt/rustwide/target:rw,Z" "-v" "/var/lib/crater-agent-workspace/builds/worker-0-tc1/source:/opt/rustwide/workdir:ro,Z" "-v" "/var/lib/crater-agent-workspace/cargo-home:/opt/rustwide/cargo-home:ro,Z" "-v" "/var/lib/crater-agent-workspace/rustup-home:/opt/rustwide/rustup-home:ro,Z" "-e" "SOURCE_DIR=/opt/rustwide/workdir" "-e" "CARGO_TARGET_DIR=/opt/rustwide/target" "-e" "CARGO_INCREMENTAL=0" "-e" "RUST_BACKTRACE=full" "-e" "RUSTFLAGS=--cap-lints=forbid" "-e" "RUSTDOCFLAGS=--cap-lints=forbid" "-e" "CARGO_HOME=/opt/rustwide/cargo-home" "-e" "RUSTUP_HOME=/opt/rustwide/rustup-home" "-w" "/opt/rustwide/workdir" "-m" "1610612736" "--user" "0:0" "--network" "none" "ghcr.io/rust-lang/crates-build-env/linux@sha256:19e73879b68f455e41552ea35293514db52ea292d993f571636dbffedb77a1ee" "/opt/rustwide/cargo-home/bin/cargo" "+9610dfe5a9a731ced1ea4923ecbd0c57fe367898" "check" "--frozen" "--all" "--all-targets" "--message-format=json", kill_on_drop: false }`
[INFO] [stdout] d44c10992ecac64eb5dc8c13b8ad79189920e9ecfe78ea74b8a992c9bbe0c143
[INFO] running `Command { std: "docker" "start" "-a" "d44c10992ecac64eb5dc8c13b8ad79189920e9ecfe78ea74b8a992c9bbe0c143", kill_on_drop: false }`
[INFO] [stderr]    Compiling libc v0.2.112
[INFO] [stderr]    Compiling sfml-build v0.4.0
[INFO] [stderr]    Compiling futures-core v0.3.19
[INFO] [stderr]    Compiling futures-task v0.3.19
[INFO] [stderr]    Compiling openssl-sys v0.9.72
[INFO] [stderr]    Compiling khronos_api v3.1.0
[INFO] [stderr]    Compiling futures-util v0.3.19
[INFO] [stderr]    Compiling serde v1.0.132
[INFO] [stderr]     Checking bytemuck v1.7.3
[INFO] [stderr]     Checking futures-sink v0.3.19
[INFO] [stderr]    Compiling futures-channel v0.3.19
[INFO] [stderr]     Checking futures-io v0.3.19
[INFO] [stderr]    Compiling log v0.4.14
[INFO] [stderr]    Compiling cmake v0.1.46
[INFO] [stderr]    Compiling num-rational v0.4.0
[INFO] [stderr]    Compiling typenum v1.14.0
[INFO] [stderr]    Compiling xml-rs v0.8.4
[INFO] [stderr]     Checking http-body v0.4.4
[INFO] [stderr]     Checking safe_arch v0.6.0
[INFO] [stderr]    Compiling csfml-system-sys v0.6.0
[INFO] [stderr]    Compiling csfml-window-sys v0.6.0
[INFO] [stderr]    Compiling csfml-audio-sys v0.6.0
[INFO] [stderr]    Compiling csfml-graphics-sys v0.6.0
[INFO] [stderr]     Checking num-complex v0.4.0
[INFO] [stderr]     Checking approx v0.5.0
[INFO] [stderr]    Compiling paste v1.0.6
[INFO] [stderr]     Checking rawpointer v0.2.1
[INFO] [stderr]     Checking wide v0.7.3
[INFO] [stderr]    Compiling serde_json v1.0.73
[INFO] [stderr]    Compiling gl_loader v0.1.2
[INFO] [stderr]     Checking matrixmultiply v0.3.2
[INFO] [stderr]    Compiling freetype-sys v0.14.0
[INFO] [stderr]    Compiling gl_generator v0.14.0
[INFO] [stderr]     Checking widestring v0.4.3
[INFO] [stderr]     Checking itertools v0.8.2
[INFO] [stderr]    Compiling openssl v0.10.38
[INFO] [stderr]    Compiling native-tls v0.2.8
[INFO] [stderr]     Checking sfml v0.16.0
[INFO] [stderr]     Checking num_cpus v1.13.1
[INFO] [stderr]     Checking mio v0.7.14
[INFO] [stderr]     Checking socket2 v0.4.2
[INFO] [stderr]     Checking freetype-rs v0.28.0
[INFO] [stderr]    Compiling gl v0.14.0
[INFO] [stderr]     Checking tokio v1.15.0
[INFO] [stderr]     Checking simba v0.6.0
[INFO] [stderr]     Checking serde_urlencoded v0.7.0
[INFO] [stderr]     Checking tokio-util v0.6.9
[INFO] [stderr]     Checking tokio-native-tls v0.3.0
[INFO] [stderr]     Checking h2 v0.3.9
[INFO] [stderr]     Checking nalgebra v0.29.0
[INFO] [stderr]     Checking hyper v0.14.16
[INFO] [stderr]     Checking hyper-tls v0.5.0
[INFO] [stderr]     Checking reqwest v0.11.8
[INFO] [stderr]     Checking nalgebra-glm v0.15.0
[INFO] [stderr]     Checking sfml_example v0.1.0 (/opt/rustwide/workdir)
[INFO] [stdout] error[E0308]: mismatched types
[INFO] [stdout]    --> src/app_gl.rs:192:21
[INFO] [stdout]     |
[INFO] [stdout] 192 |         offset.0 += glyph.advance().x / 64;
[INFO] [stdout]     |                     ^^^^^^^^^^^^^^^^^^^^^^ expected `i32`, found `i64`
[INFO] [stdout] 
[INFO] [stdout] 
[INFO] [stdout] error[E0308]: mismatched types
[INFO] [stdout]    --> src/app_gl.rs:192:21
[INFO] [stdout]     |
[INFO] [stdout] 192 |         offset.0 += glyph.advance().x / 64;
[INFO] [stdout]     |                     ^^^^^^^^^^^^^^^^^^^^^^ expected `i32`, found `i64`
[INFO] [stdout] 
[INFO] [stdout] 
[INFO] [stdout] error[E0277]: cannot add-assign `i64` to `i32`
[INFO] [stdout]    --> src/app_gl.rs:192:18
[INFO] [stdout]     |
[INFO] [stdout] 192 |         offset.0 += glyph.advance().x / 64;
[INFO] [stdout]     |                  ^^ no implementation for `i32 += i64`
[INFO] [stdout]     |
[INFO] [stdout]     = help: the trait `AddAssign<i64>` is not implemented for `i32`
[INFO] [stdout]     = help: the following other types implement trait `AddAssign<Rhs>`:
[INFO] [stdout]               <i32 as AddAssign<&i32>>
[INFO] [stdout]               <i32 as AddAssign>
[INFO] [stdout] 
[INFO] [stdout] 
[INFO] [stdout] error[E0308]: mismatched types
[INFO] [stdout]    --> src/app_gl.rs:193:21
[INFO] [stdout]     |
[INFO] [stdout] 193 |         offset.1 += glyph.advance().y / 64;
[INFO] [stdout]     |                     ^^^^^^^^^^^^^^^^^^^^^^ expected `i32`, found `i64`
[INFO] [stdout] 
[INFO] [stdout] 
[INFO] [stdout] error[E0277]: cannot add-assign `i64` to `i32`
[INFO] [stdout]    --> src/app_gl.rs:193:18
[INFO] [stdout]     |
[INFO] [stdout] 193 |         offset.1 += glyph.advance().y / 64;
[INFO] [stdout]     |                  ^^ no implementation for `i32 += i64`
[INFO] [stdout]     |
[INFO] [stdout]     = help: the trait `AddAssign<i64>` is not implemented for `i32`
[INFO] [stdout]     = help: the following other types implement trait `AddAssign<Rhs>`:
[INFO] [stdout]               <i32 as AddAssign<&i32>>
[INFO] [stdout]               <i32 as AddAssign>
[INFO] [stdout] 
[INFO] [stdout] 
[INFO] [stdout] error[E0277]: cannot add-assign `i64` to `i32`
[INFO] [stdout]    --> src/app_gl.rs:192:18
[INFO] [stdout]     |
[INFO] [stdout] 192 |         offset.0 += glyph.advance().x / 64;
[INFO] [stdout]     |                  ^^ no implementation for `i32 += i64`
[INFO] [stdout]     |
[INFO] [stdout]     = help: the trait `AddAssign<i64>` is not implemented for `i32`
[INFO] [stdout]     = help: the following other types implement trait `AddAssign<Rhs>`:
[INFO] [stdout]               <i32 as AddAssign<&i32>>
[INFO] [stdout]               <i32 as AddAssign>
[INFO] [stdout] 
[INFO] [stdout] 
[INFO] [stdout] error[E0308]: mismatched types
[INFO] [stdout]    --> src/app_gl.rs:193:21
[INFO] [stdout]     |
[INFO] [stdout] 193 |         offset.1 += glyph.advance().y / 64;
[INFO] [stdout]     |                     ^^^^^^^^^^^^^^^^^^^^^^ expected `i32`, found `i64`
[INFO] [stdout] 
[INFO] [stdout] 
[INFO] [stdout] error[E0277]: cannot add-assign `i64` to `i32`
[INFO] [stdout]    --> src/app_gl.rs:193:18
[INFO] [stdout]     |
[INFO] [stdout] 193 |         offset.1 += glyph.advance().y / 64;
[INFO] [stdout]     |                  ^^ no implementation for `i32 += i64`
[INFO] [stdout]     |
[INFO] [stdout]     = help: the trait `AddAssign<i64>` is not implemented for `i32`
[INFO] [stdout]     = help: the following other types implement trait `AddAssign<Rhs>`:
[INFO] [stdout]               <i32 as AddAssign<&i32>>
[INFO] [stdout]               <i32 as AddAssign>
[INFO] [stdout] 
[INFO] [stdout] 
[INFO] [stdout] error: aborting due to 4 previous errors
[INFO] [stdout] 
[INFO] [stdout] 
[INFO] [stdout] Some errors have detailed explanations: E0277, E0308.
[INFO] [stdout] 
[INFO] [stdout] For more information about an error, try `rustc --explain E0277`.
[INFO] [stdout] 
[INFO] [stdout] error: aborting due to 4 previous errors
[INFO] [stdout] 
[INFO] [stdout] 
[INFO] [stdout] Some errors have detailed explanations: E0277, E0308.
[INFO] [stdout] 
[INFO] [stdout] For more information about an error, try `rustc --explain E0277`.
[INFO] [stdout] 
[INFO] [stderr] error: could not compile `sfml_example` (bin "sfml_example") due to 5 previous errors
[INFO] [stderr] warning: build failed, waiting for other jobs to finish...
[INFO] [stderr] error: could not compile `sfml_example` (bin "sfml_example" test) due to 5 previous errors
[INFO] running `Command { std: "docker" "inspect" "d44c10992ecac64eb5dc8c13b8ad79189920e9ecfe78ea74b8a992c9bbe0c143", kill_on_drop: false }`
[INFO] running `Command { std: "docker" "rm" "-f" "d44c10992ecac64eb5dc8c13b8ad79189920e9ecfe78ea74b8a992c9bbe0c143", kill_on_drop: false }`
[INFO] [stdout] d44c10992ecac64eb5dc8c13b8ad79189920e9ecfe78ea74b8a992c9bbe0c143
